*g + 11. Suppose -4 = 3*j - 16. Let q(c) = j*h(c) + 11*u(c). Give q(3).
-3
Let n(i) = i**3 + 3*i**2 + 2. Let t be (7/((-28)/4))/((-2)/(-14)). Let m be (-18 - -11)*(-2)/t. What is n(m)?
6
Let n(y) = -39*y - 2 + 0 - 42*y + 85*y + 0. Give n(13).
50
Let j(c) = c - 1 + 2 + 4*c + c**2. Let u = 750 + -78. Suppose -3*i + 660 = u. Calculate j(i).
-3
Let w(l) = l**3 - 12*l**2 - l + 11. Let h be 3/2 + (-6)/(60/(-5)). Suppose -h*d = -5*r + 56, r - 34 = -r - 5*d. Let k be w(r). Let i(q) = -q**2. Give i(k).
-1
Let i(q) = -q**3 - 6*q**2 - 4*q + 3. Let g be 9/(-12) - 165/(-12). Let n be ((-10)/4)/(g/26). Calculate i(n).
-2
Let q = -6146 - -6162. Let l(b) = 2*b - 49. What is l(q)?
-17
Let q = 1225 + -1234. Let s(n) = 9*n + 87. Give s(q).
6
Let k(i) be the second derivative of -2*i**3 + 331*i**2 + 14*i + 333. Calculate k(54).
14
Let w(n) be the third derivative of n**4/6 - 15*n**3 + 4717*n**2. What is w(17)?
-22
Let s = 191 - 197. Let d be (-2)/(s/9) - -1. Let m(y) = y**2 - 5*y - 5. Calculate m(d).
-9
Let s(k) = -16*k + 104. Let m(j) = -9*j + 57. Let z(c) = -5*m(c) + 3*s(c). Calculate z(12).
-9
Let u(o) = -o**3 - o**2 - o. Let b(j) = 109*j**2 + j - 1. Let g be b(1). Let c(y) = 3*y**2 + 32*y + 96. Let w be c(-11). Let r = g - w. What is u(r)?
-14
Let b(l) = -2*l**3 + 97*l**2 - 131*l - 477. Let v be b(47). Let q(p) be the second derivative of -p**4/12 - 2*p**3/3 + 8*p**2 - p. What is q(v)?
-5
Suppose -i = -1422 + 908. Let v(r) = i - 3*r + 3*r - 509 + 2*r. Give v(-12).
-19
Suppose -13*x + 5*x = 9*x + 85. Let b(u) = -u**2 - u - 10. Determine b(x).
-30
Let y(c) = 3*c. Let q(n) be the first derivative of n**4/4 + 3*n**2/2 - 2*n - 67. Let u be q(1). Calculate y(u).
6
Let y(w) be the second derivative of -2*w**3/3 - 3*w**2/2 + 2464*w. Determine y(-15).
57
Let n(b) be the second derivative of -b**5/60 - 3*b**4/8 - 3*b**3/2 + 47*b**2/2 + 2*b + 67. Let x(f) be the first derivative of n(f). What is x(-8)?
-1
Let n(g) be the third derivative of 2*g**5/5 - g**4/6 + g**3/3 - 4*g**2 - 24*g + 4. What is n(2)?
90
Let j(x) = -7*x**2 + 3370 - 10116 + 3*x + 3*x + 3371 + 3372. What is j(1)?
-4
Let v(n) = -2*n**3 - 35*n**2 + 17*n - 25. Let r = -6732 + 6714. Determine v(r).
-7
Let o(q) = -1925*q**3 - 4 + 965*q**3 + 10*q**2 + 9*q + 961*q**3 - 4. Calculate o(-8).
48
Let c be -7 - 0 - 3630/605. Let j(k) = -18*k - 211. What is j(c)?
23
Suppose 0 = 2*g + 4*s + 10, -4*g - 146*s + 148*s = -20. Let h(b) = 2*b. What is h(g)?
6
Suppose -4 = -m + 2*m. Let c(b) be the second derivative of 3 - 1/3*b**3 - 9*b - 1/12*b**4 + 3/2*b**2. Give c(m).
-5
Let m(i) be the first derivative of -3*i**4/4 - 5*i**3/3 - 11*i - 25. Let h(u) = -4*u**3 - 5*u**2 - u - 13. Let l(p) = 4*h(p) - 5*m(p). Determine l(5).
-17
Let p(z) be the third derivative of -z**5/30 - 10*z**4/3 + 14*z**3 - 2306*z**2. Determine p(-41).
2
Let i = -11052 - -11076. Let h(s) = 2*s - 48. What is h(i)?
0
Let o(p) = 11*p + 263. Suppose 0 = -29687*a + 29708*a + 504. Calculate o(a).
-1
Let f(k) be the third derivative of k**5/60 - k**4/3 - 5*k**3/6 + 12*k**2. Suppose -x - 282*t + 278*t + 9 = 0, -x = -3*t - 9. Give f(x).
4
Let f be (5 + 1)*(-58)/(-87). Let k(q) = 3*q - 16*q**2 + 20*q**2 - f*q + 1. What is k(-1)?
6
Let s(u) = 1 + 2*u**3 - 6*u - 5*u**2 - 4*u**2 + 6*u**2 + 3*u**2. What is s(2)?
5
Let p be ((0 - 0) + -4)*56/112. Let k be (-4)/12*p*(9 - 3). Let t be 1/(k/(-12)) - -3. Let a(l) = l**2 + l + 7. Calculate a(t).
7
Suppose -p = -2*j + 7 + 17, j + 4*p - 21 = 0. Let o(b) = b**2 - 14*b + 12. Let h be o(j). Let a(z) = 9*z**3 - 2*z**2 - 2*z - 1. What is a(h)?
-10
Let o(c) be the third derivative of 4*c**2 - 1 - 1/20*c**5 + 2/3*c**3 + 1/120*c**6 - 1/8*c**4 + 0*c. What is o(4)?
8
Let p be (23 + -20)/(22/4 + -4). Let n(s) = -2*s**2 - 2*s + 4. Determine n(p).
-8
Suppose 965 = -7*r - 512. Let d = 212 + r. Let a(x) = -13*x**2 + x - 1. Calculate a(d).
-13
Suppose -9*c = -s - 4*c - 29, -5*s - 10 = 2*c. Let l(f) = -3 - 4132*f + 8266*f - 4133*f + 8. What is l(s)?
1
Let g(p) = -30*p - 168. Let s be g(-24). Suppose -563 + s = d. Let r(n) = -n**3 - 11*n**2 - n - 2. Give r(d).
9
Let v(b) = -8*b - 1. Let r be 9/((-9)/(-4)) - 3. Let g be (r + 1)/((-5)/(-5)). Calculate v(g).
-17
Let m(f) be the second derivative of f**3/6 - 3*f**2 - 7*f. Suppose -21 + 13 = -2*i. Suppose -3*c - x + 14 = -c, 0 = i*c - 2*x - 20. What is m(c)?
0
Suppose -30 = -9*l + 4*l. Suppose -18 = -4*o - l. Suppose -5 = -i - 2, -o*b = -i. Let t(h) = 2*h + 1. Determine t(b).
3
Let r(d) = -d**3 + 4*d**2 + 6*d + 3. Suppose -f - 105 = -v + 2*f, -5*v = 4*f - 544. Let n(h) = 2*h**2 + 79*h - 2893. Let a be n(-62). Let p = v + a. Give r(p).
8
Let f(d) = -4*d**2 + 5*d - 7. Let i(u) = -1 + 5*u + 31*u**2 - 66*u**2 - 4 - 1 + 30*u**2. Let b(q) = -4*f(q) + 3*i(q). Give b(7).
24
Let f(y) = 3*y**2 + 36*y + 7. Let j(i) = -5*i**2 - 53*i - 10. Let u(z) = 14*f(z) + 9*j(z). Give u(10).
-22
Let b(c) = 34*c + 4*c + 3017*c**2 - 3014*c**2 - 9*c. Determine b(-9).
-18
Let h = -444 + 392. Let j be ((-13)/(h/30))/(6/8). Let p(b) = b**3 - 10*b**2 - b + 13. What is p(j)?
3
Let h(i) = i + 2. Let m(o) = -6*o + 5*o + 2 + 0 + 2*o. Let x(p) = 4*h(p) - 3*m(p). Suppose 5*a - 4*l = -28, -4*l = -4*a + 8*a + 44. Calculate x(a).
-6
Suppose z - 2 = -0*z. Let v(s) = s**2 - 2*s**2 + 2*s - s**3 - 113 + 110. Let y(a) = a**3 - a**2 + a. Let x(k) = -v(k) - 2*y(k). What is x(z)?
-1
Let b(p) be the third derivative of -1/120*p**6 + 1/24*p**4 + 11*p**2 + 5/6*p**3 + 9 + 1/20*p**5 + 0*p. Suppose -2*r + 4*r = 8. What is b(r)?
-7
Let b be 6/(((-84)/592)/(-7)). Suppose -34*h + 44 = -b. Let m(v) = -v**3 + 9*v**2 + 11*v + 4. Determine m(h).
14
Let y(r) = r**3 - 10*r**2 + 11*r - 21. Let p(d) = 592*d**2 + 12*d - 2. Let v be p(-1). Let n = 587 - v. Determine y(n).
-3
Let h(t) = t**2 + 3*t + 3. Suppose 33*w = -m + 36*w - 12, 4*w + 6 = 5*m. Calculate h(m).
57
Let o(w) = w**2 + 0*w - 184 - 5*w + 191. Suppose 8 = n - 2*h, -2*h - 23 = -3*n - 7. Suppose 0*u = p - u - 8, -n*p + 26 = -2*u. Calculate o(p).
7
Suppose 2*j - 3*a + 4*a = -30, -j = -4*a + 15. Let y = 16 + j. Suppose 3*o = -5*t + 17, 0*o - o = y. Let p(s) = s**2 - 3*s. Calculate p(t).
4
Let t be (2 - (1 - -2)) + 2. Let n(g) = g**3 + g**2. Let z(s) = -3*s**2 - 13397 + 13397 - 12*s**3. Let r(k) = -4*n(k) - z(k). What is r(t)?
7
Let m(r) = r**3 - 6*r**2 - 8*r - 1. Let f(i) = -i**2 - i. Let p(y) = 5*f(y) - m(y). Suppose 0 = 29*q - 12*q - 9*q + 8. What is p(q)?
0
Suppose -3*a = -6, -2*a + 4 = -3*r - 0*r. Let j(u) = 5*u + 7. Let b(l) = 4*l + 7. Let i be ((-12)/(-10))/((-10)/25). Let v(t) = i*j(t) + 4*b(t). Determine v(r).
7
Suppose 0 = 2*d + n + 5, 2*d = -3*n - 0*n + 1. Let l(w) = -13 - 26 - 2*w**2 + 20 - 5*w + w + 15. Give l(d).
-20
Let q(i) = 13*i**2 - 37*i + 155. Let z(k) = 16*k**2 - 38*k + 158. Let b(r) = -5*q(r) + 4*z(r). Calculate b(28).
-3
Let g(h) = -8*h + 55. Suppose m - 6 = -5*r, -15*m - 66 = -19*m + r. Calculate g(m).
-73
Let z(d) = -23*d**3 - 6*d**2 - 11*d - 7. Let k(x) = -81*x**3 - 20*x**2 - 35*x - 20. Let p(m) = -2*k(m) + 7*z(m). What is p(-2)?
-11
Let p(h) be the second derivative of h**5/20 - h**4 + h**3/6 - 33*h**2/2 - 1855*h. Calculate p(12).
-21
Let n(p) = -44*p**3 - 56*p - 2*p**2 + 159*p + 43*p**3 - 101*p. Let r(u) = u**2 + 4*u. Let t be r(-3). Determine n(t).
3
Let s be 1 + (-431)/(-6) - (-15)/90. Let r(f) = s + 4*f**3 - 3*f**2 - 72 + 4*f**2 - 2*f**3 + 3*f. Determine r(-2).
-17
Let m(s) = s**2 - 71872 + 71817 + 32*s - 25*s. Determine m(5).
5
Let d be 220920/(-6575) - 2/(10/7). Let s(x) = -15*x - 530. Calculate s(d).
-5
Suppose a - 51 + 91 = 0. Let q = a + 42. Let n(o) = 9*o**q - 14*o**3 + 13*o**3 - 5 - 7 + 1. Determine n(9).
-11
Suppose 1338*u = 1305*u - 792. Let t(a) = -3*a - 91. Calculate t(u).
-19
Let o = -248 + 255. Let b(g) = 3*g**3 - 8*g**2 + 5*g + 6. Let s(u) = 4*u**3 - 8*u**2 + 4*u + 7. Let w(x) = -3*b(x) + 2*s(x). Calculate w(o).
-4
Let c(b) = b**2 + 12*b + 4. Let n(m) = -m**2 - 11*m - 4. Let q(u) = 4*c(u) + 5*n(u). Let d(k) = k**3 + 14*k**2 + 31*k - 31. Let z be d(-11). What is q(z)?
-22
Let h(t) = 18 + t**2 - 16 - 15 - 11*t. Suppose 404 = 20*l + 164. Give h(l).
-1
Let f(w) = -553 - w**3 - 287*w + 279*w + 542 - 6*w**2. Determine f(-5).
4
Suppose 0 = 291*i - 274*i + 34. Let m(o) = -2*o**3 - 3*o**2 - 3*o. Give m(i).
10
Suppose -690 = -11*k + 465. Let m(v) = k*v - v**2 + 118*v - 